{"id":18,"date":"2026-03-26T11:55:42","date_gmt":"2026-03-26T11:55:42","guid":{"rendered":"https:\/\/vintherpaladset.dk\/?page_id=18"},"modified":"2026-03-27T17:58:40","modified_gmt":"2026-03-27T17:58:40","slug":"hvem-er-thys-natur","status":"publish","type":"page","link":"https:\/\/vintherpaladset.dk\/index.php\/hvem-er-thys-natur\/","title":{"rendered":"Hvem er Thys Natur"},"content":{"rendered":"\n<p><strong>Foreningen vil arbejde for:<\/strong><br><strong>At im\u00f8deg\u00e5 opf\u00f8relse af store tekniske installationer, som for eksempel meget store vindm\u00f8ller<\/strong><br><strong>At arbejde for nedtagning af stor tekniske installationer.<\/strong><br><strong>At arbejde for naturgenopretning.<\/strong><br><strong>Det er desuden foreningens form\u00e5l, at v\u00e6re med til at sikre foreningens medlemmer bliver h\u00f8rt i anl\u00e6gsprojekter, som kan forringe livsvilk\u00e5rene i det \u00e5bne land.<\/strong><\/p>\n\n\n\n<div class=\"wp-block-columns is-layout-flex wp-container-core-columns-is-layout-28f84493 wp-block-columns-is-layout-flex\">\n<div class=\"wp-block-column is-layout-flow wp-block-column-is-layout-flow\" style=\"flex-basis:100%\">\n<div class=\"wp-block-group is-nowrap is-layout-flex wp-container-core-group-is-layout-65fe999b wp-block-group-is-layout-flex\" style=\"padding-top:var(--wp--preset--spacing--50);padding-right:var(--wp--preset--spacing--50);padding-bottom:var(--wp--preset--spacing--50);padding-left:var(--wp--preset--spacing--50)\">\n<div class=\"wp-block-group has-global-padding is-layout-constrained wp-container-core-group-is-layout-650790e1 wp-block-group-is-layout-constrained\">\n<h2 class=\"wp-block-heading has-text-align-center has-x-large-font-size\">Vi vil gerne have flere medlemmer<\/h2>\n\n\n\n<div class=\"wp-block-buttons is-content-justification-center is-layout-flex wp-container-core-buttons-is-layout-a89b3969 wp-block-buttons-is-layout-flex\">\n<div class=\"wp-block-button\"><a class=\"wp-block-button__link wp-element-button\" href=\"https:\/\/vintherpaladset.dk\/index.php\/bliv-medlem-af-thys-natur\/\">Sign up<\/a><\/div>\n<\/div>\n<\/div>\n\n\n\n<details class=\"wp-block-details is-layout-flow wp-block-details-is-layout-flow\"><summary><\/summary>\n<p><\/p>\n<\/details>\n<\/div>\n\n\n\n<details class=\"wp-block-details is-layout-flow wp-block-details-is-layout-flow\"><summary>Hvis du\/I gerne, sammen med andre have indflydelse p\u00e5 hvordan udvikling i vores lokalomr\u00e5de p\u00e5virker vores hverdag. N\u00e5r vi passer p\u00e5  gr\u00f8nne omr\u00e5der og kyst- eller landskaber. V\u00e6re med til at bevare de naturlige levesteder og det s\u00e6rlige pr\u00e6g, som g\u00f8r Sj\u00f8rring S\u00f8 omr\u00e5det unikt. St\u00f8tte lokale naturprojekter eller v\u00e6lge b\u00e6redygtige l\u00f8sninger \u2013 er med til at forme b\u00e5de naturen og de landskaber, vi alle nyder.<\/summary>\n<p><\/p>\n<\/details>\n<\/div>\n<\/div>\n\n\n\n<div class=\"wp-block-group alignfull has-global-padding is-layout-constrained wp-container-core-group-is-layout-d89aad35 wp-block-group-is-layout-constrained\" style=\"margin-top:0;margin-bottom:0;padding-top:var(--wp--preset--spacing--50);padding-right:var(--wp--preset--spacing--50);padding-bottom:var(--wp--preset--spacing--50);padding-left:var(--wp--preset--spacing--50)\">\n<div class=\"wp-block-group alignwide has-global-padding is-layout-constrained wp-block-group-is-layout-constrained\">\n<div class=\"wp-block-query alignwide is-layout-flow wp-block-query-is-layout-flow\">\n\n\n<div style=\"height:var(--wp--preset--spacing--30)\" aria-hidden=\"true\" class=\"wp-block-spacer\"><\/div>\n\n\n\n\n<div class=\"wp-block-query-no-results\">\n\n<p>Der er ingen indl\u00e6g<\/p>\n\n<\/div><\/div>\n<\/div>\n<\/div>\n\n\n\n<div class=\"wp-block-group alignfull has-global-padding is-layout-constrained wp-container-core-group-is-layout-d89aad35 wp-block-group-is-layout-constrained\" style=\"margin-top:0;margin-bottom:0;padding-top:var(--wp--preset--spacing--50);padding-right:var(--wp--preset--spacing--50);padding-bottom:var(--wp--preset--spacing--50);padding-left:var(--wp--preset--spacing--50)\"><\/div>\n","protected":false},"excerpt":{"rendered":"<p>Foreningen vil arbejde for:At im\u00f8deg\u00e5 opf\u00f8relse af store tekniske installationer, som for eksempel meget store vindm\u00f8llerAt arbejde for nedtagning af stor tekniske installationer.At arbejde for naturgenopretning.Det er desuden foreningens form\u00e5l, at v\u00e6re med til at sikre foreningens medlemmer bliver h\u00f8rt i anl\u00e6gsprojekter, som kan forringe livsvilk\u00e5rene i det \u00e5bne land. Vi vil gerne have flere [&hellip;]<\/p>\n","protected":false},"author":1,"featured_media":0,"parent":0,"menu_order":0,"comment_status":"closed","ping_status":"closed","template":"","meta":{"footnotes":""},"class_list":["post-18","page","type-page","status-publish","hentry"],"yoast_head":"<!-- This site is optimized with the Yoast SEO plugin v27.2 - https:\/\/yoast.com\/product\/yoast-seo-wordpress\/ -->\n<title>Hvem er Thys Natur - Thys Natur<\/title>\n<meta name=\"robots\" content=\"index, follow, max-snippet:-1, max-image-preview:large, max-video-preview:-1\" \/>\n<link rel=\"canonical\" href=\"https:\/\/vintherpaladset.dk\/index.php\/hvem-er-thys-natur\/\" \/>\n<meta property=\"og:locale\" content=\"da_DK\" \/>\n<meta property=\"og:type\" content=\"article\" \/>\n<meta property=\"og:title\" content=\"Hvem er Thys Natur - Thys Natur\" \/>\n<meta property=\"og:description\" content=\"Foreningen vil arbejde for:At im\u00f8deg\u00e5 opf\u00f8relse af store tekniske installationer, som for eksempel meget store vindm\u00f8llerAt arbejde for nedtagning af stor tekniske installationer.At arbejde for naturgenopretning.Det er desuden foreningens form\u00e5l, at v\u00e6re med til at sikre foreningens medlemmer bliver h\u00f8rt i anl\u00e6gsprojekter, som kan forringe livsvilk\u00e5rene i det \u00e5bne land. Vi vil gerne have flere [&hellip;]\" \/>\n<meta property=\"og:url\" content=\"https:\/\/vintherpaladset.dk\/index.php\/hvem-er-thys-natur\/\" \/>\n<meta property=\"og:site_name\" content=\"Thys Natur\" \/>\n<meta property=\"article:modified_time\" content=\"2026-03-27T17:58:40+00:00\" \/>\n<meta name=\"twitter:card\" content=\"summary_large_image\" \/>\n<meta name=\"twitter:label1\" content=\"Estimeret l\u00e6setid\" \/>\n\t<meta name=\"twitter:data1\" content=\"1 minut\" \/>\n<script type=\"application\/ld+json\" class=\"yoast-schema-graph\">{\"@context\":\"https:\/\/schema.org\",\"@graph\":[{\"@type\":\"WebPage\",\"@id\":\"https:\/\/vintherpaladset.dk\/index.php\/hvem-er-thys-natur\/\",\"url\":\"https:\/\/vintherpaladset.dk\/index.php\/hvem-er-thys-natur\/\",\"name\":\"Hvem er Thys Natur - Thys Natur\",\"isPartOf\":{\"@id\":\"https:\/\/vintherpaladset.dk\/#website\"},\"datePublished\":\"2026-03-26T11:55:42+00:00\",\"dateModified\":\"2026-03-27T17:58:40+00:00\",\"breadcrumb\":{\"@id\":\"https:\/\/vintherpaladset.dk\/index.php\/hvem-er-thys-natur\/#breadcrumb\"},\"inLanguage\":\"da-DK\",\"potentialAction\":[{\"@type\":\"ReadAction\",\"target\":[\"https:\/\/vintherpaladset.dk\/index.php\/hvem-er-thys-natur\/\"]}]},{\"@type\":\"BreadcrumbList\",\"@id\":\"https:\/\/vintherpaladset.dk\/index.php\/hvem-er-thys-natur\/#breadcrumb\",\"itemListElement\":[{\"@type\":\"ListItem\",\"position\":1,\"name\":\"Hjem\",\"item\":\"https:\/\/vintherpaladset.dk\/\"},{\"@type\":\"ListItem\",\"position\":2,\"name\":\"Hvem er Thys Natur\"}]},{\"@type\":\"WebSite\",\"@id\":\"https:\/\/vintherpaladset.dk\/#website\",\"url\":\"https:\/\/vintherpaladset.dk\/\",\"name\":\"Thys Natur\",\"description\":\"\",\"publisher\":{\"@id\":\"https:\/\/vintherpaladset.dk\/#organization\"},\"potentialAction\":[{\"@type\":\"SearchAction\",\"target\":{\"@type\":\"EntryPoint\",\"urlTemplate\":\"https:\/\/vintherpaladset.dk\/?s={search_term_string}\"},\"query-input\":{\"@type\":\"PropertyValueSpecification\",\"valueRequired\":true,\"valueName\":\"search_term_string\"}}],\"inLanguage\":\"da-DK\"},{\"@type\":\"Organization\",\"@id\":\"https:\/\/vintherpaladset.dk\/#organization\",\"name\":\"Thys Natur\",\"url\":\"https:\/\/vintherpaladset.dk\/\",\"logo\":{\"@type\":\"ImageObject\",\"inLanguage\":\"da-DK\",\"@id\":\"https:\/\/vintherpaladset.dk\/#\/schema\/logo\/image\/\",\"url\":\"https:\/\/vintherpaladset.dk\/wp-content\/uploads\/2026\/03\/logo-uden-baggrund.jpg\",\"contentUrl\":\"https:\/\/vintherpaladset.dk\/wp-content\/uploads\/2026\/03\/logo-uden-baggrund.jpg\",\"width\":526,\"height\":150,\"caption\":\"Thys Natur\"},\"image\":{\"@id\":\"https:\/\/vintherpaladset.dk\/#\/schema\/logo\/image\/\"}}]}<\/script>\n<!-- \/ Yoast SEO plugin. -->","yoast_head_json":{"title":"Hvem er Thys Natur - Thys Natur","robots":{"index":"index","follow":"follow","max-snippet":"max-snippet:-1","max-image-preview":"max-image-preview:large","max-video-preview":"max-video-preview:-1"},"canonical":"https:\/\/vintherpaladset.dk\/index.php\/hvem-er-thys-natur\/","og_locale":"da_DK","og_type":"article","og_title":"Hvem er Thys Natur - Thys Natur","og_description":"Foreningen vil arbejde for:At im\u00f8deg\u00e5 opf\u00f8relse af store tekniske installationer, som for eksempel meget store vindm\u00f8llerAt arbejde for nedtagning af stor tekniske installationer.At arbejde for naturgenopretning.Det er desuden foreningens form\u00e5l, at v\u00e6re med til at sikre foreningens medlemmer bliver h\u00f8rt i anl\u00e6gsprojekter, som kan forringe livsvilk\u00e5rene i det \u00e5bne land. Vi vil gerne have flere [&hellip;]","og_url":"https:\/\/vintherpaladset.dk\/index.php\/hvem-er-thys-natur\/","og_site_name":"Thys Natur","article_modified_time":"2026-03-27T17:58:40+00:00","twitter_card":"summary_large_image","twitter_misc":{"Estimeret l\u00e6setid":"1 minut"},"schema":{"@context":"https:\/\/schema.org","@graph":[{"@type":"WebPage","@id":"https:\/\/vintherpaladset.dk\/index.php\/hvem-er-thys-natur\/","url":"https:\/\/vintherpaladset.dk\/index.php\/hvem-er-thys-natur\/","name":"Hvem er Thys Natur - Thys Natur","isPartOf":{"@id":"https:\/\/vintherpaladset.dk\/#website"},"datePublished":"2026-03-26T11:55:42+00:00","dateModified":"2026-03-27T17:58:40+00:00","breadcrumb":{"@id":"https:\/\/vintherpaladset.dk\/index.php\/hvem-er-thys-natur\/#breadcrumb"},"inLanguage":"da-DK","potentialAction":[{"@type":"ReadAction","target":["https:\/\/vintherpaladset.dk\/index.php\/hvem-er-thys-natur\/"]}]},{"@type":"BreadcrumbList","@id":"https:\/\/vintherpaladset.dk\/index.php\/hvem-er-thys-natur\/#breadcrumb","itemListElement":[{"@type":"ListItem","position":1,"name":"Hjem","item":"https:\/\/vintherpaladset.dk\/"},{"@type":"ListItem","position":2,"name":"Hvem er Thys Natur"}]},{"@type":"WebSite","@id":"https:\/\/vintherpaladset.dk\/#website","url":"https:\/\/vintherpaladset.dk\/","name":"Thys Natur","description":"","publisher":{"@id":"https:\/\/vintherpaladset.dk\/#organization"},"potentialAction":[{"@type":"SearchAction","target":{"@type":"EntryPoint","urlTemplate":"https:\/\/vintherpaladset.dk\/?s={search_term_string}"},"query-input":{"@type":"PropertyValueSpecification","valueRequired":true,"valueName":"search_term_string"}}],"inLanguage":"da-DK"},{"@type":"Organization","@id":"https:\/\/vintherpaladset.dk\/#organization","name":"Thys Natur","url":"https:\/\/vintherpaladset.dk\/","logo":{"@type":"ImageObject","inLanguage":"da-DK","@id":"https:\/\/vintherpaladset.dk\/#\/schema\/logo\/image\/","url":"https:\/\/vintherpaladset.dk\/wp-content\/uploads\/2026\/03\/logo-uden-baggrund.jpg","contentUrl":"https:\/\/vintherpaladset.dk\/wp-content\/uploads\/2026\/03\/logo-uden-baggrund.jpg","width":526,"height":150,"caption":"Thys Natur"},"image":{"@id":"https:\/\/vintherpaladset.dk\/#\/schema\/logo\/image\/"}}]}},"_links":{"self":[{"href":"https:\/\/vintherpaladset.dk\/index.php\/wp-json\/wp\/v2\/pages\/18","targetHints":{"allow":["GET"]}}],"collection":[{"href":"https:\/\/vintherpaladset.dk\/index.php\/wp-json\/wp\/v2\/pages"}],"about":[{"href":"https:\/\/vintherpaladset.dk\/index.php\/wp-json\/wp\/v2\/types\/page"}],"author":[{"embeddable":true,"href":"https:\/\/vintherpaladset.dk\/index.php\/wp-json\/wp\/v2\/users\/1"}],"replies":[{"embeddable":true,"href":"https:\/\/vintherpaladset.dk\/index.php\/wp-json\/wp\/v2\/comments?post=18"}],"version-history":[{"count":11,"href":"https:\/\/vintherpaladset.dk\/index.php\/wp-json\/wp\/v2\/pages\/18\/revisions"}],"predecessor-version":[{"id":86,"href":"https:\/\/vintherpaladset.dk\/index.php\/wp-json\/wp\/v2\/pages\/18\/revisions\/86"}],"wp:attachment":[{"href":"https:\/\/vintherpaladset.dk\/index.php\/wp-json\/wp\/v2\/media?parent=18"}],"curies":[{"name":"wp","href":"https:\/\/api.w.org\/{rel}","templated":true}]}}